{"id":13063,"date":"2025-05-24T07:43:25","date_gmt":"2025-05-24T05:43:25","guid":{"rendered":"https:\/\/www.pro-cars.cz\/?page_id=13063"},"modified":"2025-07-11T19:48:46","modified_gmt":"2025-07-11T17:48:46","slug":"pojisteni","status":"publish","type":"page","link":"https:\/\/www.pro-cars.cz\/index.php\/pojisteni\/","title":{"rendered":"Poji\u0161t\u011bn\u00ed"},"content":{"rendered":"<div class=\"wpb-content-wrapper\"><p>[vc_row el_id=&#8221;1751912741487-e44b16b2-70fd&#8221;][vc_column el_id=&#8221;1751912741502-5370621f-1cd7&#8243;][vc_row_inner el_id=&#8221;1751912146663-a741a81d-6ec7&#8243;][vc_column_inner width=&#8221;2\/3&#8243; css=&#8221;.vc_custom_1486734660903{margin-bottom: 30px !important;}&#8221; el_id=&#8221;1751912146671-a8a7acbf-b4bb&#8221;][vc_column_text css=&#8221;.vc_custom_1751912512279{margin-top: 10px !important;margin-bottom: 25px !important;}&#8221;]<\/p>\r\n<h1 class=\"wp-block-heading\"><strong>Starosti nechte na n\u00e1s<\/strong><\/h1>\r\n<p>[\/vc_column_text]\t<ul class=\"list\">\n\t\t\t\t\t\t<li>\n\t\t\t\t\t\t\t\t\t\t\t<i class=\"fas fa-chevron-circle-down\"><\/i>\n\t\t\t\t\t\t\t\t\t\t\t<span>Nab\u00edz\u00edme \u0161irok\u00fd v\u00fdb\u011br poji\u0161t\u011bn\u00ed vozidel, kter\u00e9 V\u00e1m p\u0159iprav\u00edme na m\u00edru dle va\u0161ich po\u017eadavk\u016f , aby jste od n\u00e1s mohli odjet ji\u017e poji\u0161t\u011bn\u00fdm vozem<\/span>\n\t\t\t\t<\/li>\n\t\t\t\t\t\t\t\t<li>\n\t\t\t\t\t\t\t\t\t\t\t<i class=\"fas fa-chevron-circle-down\"><\/i>\n\t\t\t\t\t\t\t\t\t\t\t<span>R\u00e1di V\u00e1m p\u0159iprav\u00edme kalkulaci poji\u0161t\u011bn\u00ed od v\u00edce poji\u0161\u0165oven, aby jste se mohli rozhodnout pro co nejlep\u0161\u00ed variantu <\/span>\n\t\t\t\t<\/li>\n\t\t\t\t\t\t\t\t<li>\n\t\t\t\t\t\t\t\t\t\t\t<i class=\"fas fa-chevron-circle-down\"><\/i>\n\t\t\t\t\t\t\t\t\t\t\t<span>Na\u0161\u00edm hlavn\u00edm partnerem pro poji\u0161t\u011bn\u00ed je poji\u0161\u0165ovna Allianz , ale spolupracujeme s dal\u0161\u00edmi v\u00edce jak 20ti spole\u010dnostmi , pat\u0159\u00ed mezi n\u011b nap\u0159. Generali ,Uniqa, Koperativa, VZP poji\u0161\u0165ovna, \u010cPP, \u010cSOB poji\u0161\u0165ovna a mnoho dal\u0161\u00edch<\/span>\n\t\t\t\t<\/li>\n\t\t\t\t\t<\/ul>\n\t[vc_column_text css=&#8221;.vc_custom_1752256140388{margin-top: 10px !important;margin-bottom: 25px !important;}&#8221;]<\/p>\r\n<!-- \/wp:post-content -->\r\n<p><!-- wp:paragraph -->Poji\u0161t\u011bn\u00ed vozidla V\u00e1m pom\u016f\u017ee sjednat u:<\/p>\r\n<p style=\"text-align: left;\">Mgr. Ale\u0161 Hemer<br \/>tel: 736 631 860<\/p>\r\n<p>[\/vc_column_text][vc_column_text css=&#8221;.vc_custom_1751912534300{margin-top: 10px !important;margin-bottom: 25px !important;}&#8221;]<\/p>\r\n<h1 class=\"wp-block-heading\"><strong>Povinn\u00e9 ru\u010den\u00ed<\/strong><\/h1>\r\n<p><!-- wp:paragraph -->V\u00e1\u0161 \u010das je drah\u00fd, proto \u017eijte. O v\u0161e ostatn\u00ed se postar\u00e1me za v\u00e1s. Um\u00edme v\u00e1m sestavit nejlep\u0161\u00ed kombinaci poji\u0161t\u011bn\u00ed a k tomu v\u00e1m p\u0159id\u00e1me asistenci na nejvy\u0161\u0161\u00ed \u00farovni.<\/p>\r\n<p><!-- \/wp:paragraph -->\r\n\r\n<!-- wp:paragraph -->Nab\u00eddka jednotliv\u00fdch poji\u0161\u0165oven se u tohoto produktu v jeho z\u00e1kladn\u00ed podob\u011b li\u0161\u00ed jen minim\u00e1ln\u011b, v\u00fd\u0161e pojistn\u00e9ho se odv\u00edj\u00ed od limitu kryt\u00ed.[\/vc_column_text]\t<ul class=\"list\">\n\t\t\t\t\t\t<li>\n\t\t\t\t\t\t\t\t\t\t\t<i class=\"fas fa-chevron-circle-down\"><\/i>\n\t\t\t\t\t\t\t\t\t\t\t<span>Minim\u00e1ln\u00ed z\u00e1konem stanoveny limit pojistn\u00e9 ochrany je 50 milion\u016f K\u010d.<\/span>\n\t\t\t\t<\/li>\n\t\t\t\t\t\t\t\t<li>\n\t\t\t\t\t\t\t\t\t\t\t<i class=\"fas fa-chevron-circle-down\"><\/i>\n\t\t\t\t\t\t\t\t\t\t\t<span>Vy\u0161\u0161\u00ed limit si m\u016f\u017eete nastavit nap\u0159\u00edklad na 100 milion\u016f K\u010d.<\/span>\n\t\t\t\t<\/li>\n\t\t\t\t\t\t\t\t<li>\n\t\t\t\t\t\t\t\t\t\t\t<i class=\"fas fa-chevron-circle-down\"><\/i>\n\t\t\t\t\t\t\t\t\t\t\t<span>Nov\u011b se setk\u00e1te s limitem a\u017e 1 miliarda K\u010d.<\/span>\n\t\t\t\t<\/li>\n\t\t\t\t\t<\/ul>\n\t[\/vc_column_inner][vc_column_inner width=&#8221;1\/3&#8243; css=&#8221;.vc_custom_1486734668617{margin-bottom: 30px !important;}&#8221; el_id=&#8221;1751912146691-c3152138-9586&#8243;][vc_single_image image=&#8221;13097&#8243; img_size=&#8221;large&#8221; css=&#8221;&#8221;][\/vc_column_inner][\/vc_row_inner][\/vc_column][\/vc_row]<\/p><!-- \/wp:paragraph --><\/div>","protected":false},"excerpt":{"rendered":"<p>[vc_row el_id=&#8221;1751912741487-e44b16b2-70fd&#8221;][vc_column el_id=&#8221;1751912741502-5370621f-1cd7&#8243;][vc_row_inner el_id=&#8221;1751912146663-a741a81d-6ec7&#8243;][vc_column_inner width=&#8221;2\/3&#8243; css=&#8221;.vc_custom_1486734660903{margin-bottom: 30px !important;}&#8221; el_id=&#8221;1751912146671-a8a7acbf-b4bb&#8221;][vc_column_text css=&#8221;.vc_custom_1751912512279{margin-top: 10px !important;margin-bottom: 25px !important;}&#8221;] Starosti nechte na n\u00e1s [\/vc_column_text][vc_column_text css=&#8221;.vc_custom_1752256140388{margin-top: 10px !important;margin-bottom: 25px !important;}&#8221;] Poji\u0161t\u011bn\u00ed vozidla V\u00e1m pom\u016f\u017ee sjednat u: Mgr. Ale\u0161 Hemertel: 736 631 860 [\/vc_column_text][vc_column_text css=&#8221;.vc_custom_1751912534300{margin-top: 10px !important;margin-bottom: 25px !important;}&#8221;] Povinn\u00e9 ru\u010den\u00ed V\u00e1\u0161 \u010das je drah\u00fd, proto \u017eijte. O v\u0161e ostatn\u00ed se postar\u00e1me [&hellip;]<\/p>\n","protected":false},"author":1,"featured_media":0,"parent":0,"menu_order":0,"comment_status":"closed","ping_status":"closed","template":"","meta":{"_acf_changed":false,"footnotes":""},"class_list":["post-13063","page","type-page","status-publish","hentry"],"acf":[],"_links":{"self":[{"href":"https:\/\/www.pro-cars.cz\/index.php\/wp-json\/wp\/v2\/pages\/13063","targetHints":{"allow":["GET"]}}],"collection":[{"href":"https:\/\/www.pro-cars.cz\/index.php\/wp-json\/wp\/v2\/pages"}],"about":[{"href":"https:\/\/www.pro-cars.cz\/index.php\/wp-json\/wp\/v2\/types\/page"}],"author":[{"embeddable":true,"href":"https:\/\/www.pro-cars.cz\/index.php\/wp-json\/wp\/v2\/users\/1"}],"replies":[{"embeddable":true,"href":"https:\/\/www.pro-cars.cz\/index.php\/wp-json\/wp\/v2\/comments?post=13063"}],"version-history":[{"count":10,"href":"https:\/\/www.pro-cars.cz\/index.php\/wp-json\/wp\/v2\/pages\/13063\/revisions"}],"predecessor-version":[{"id":13437,"href":"https:\/\/www.pro-cars.cz\/index.php\/wp-json\/wp\/v2\/pages\/13063\/revisions\/13437"}],"wp:attachment":[{"href":"https:\/\/www.pro-cars.cz\/index.php\/wp-json\/wp\/v2\/media?parent=13063"}],"curies":[{"name":"wp","href":"https:\/\/api.w.org\/{rel}","templated":true}]}}

Pojištění

<div class="wpb-content-wrapper"><p>[vc_row el_id=&#8221;1751912741487-e44b16b2-70fd&#8221;][vc_column el_id=&#8221;1751912741502-5370621f-1cd7&#8243;][vc_row_inner el_id=&#8221;1751912146663-a741a81d-6ec7&#8243;][vc_column_inner width=&#8221;2/3&#8243; css=&#8221;.vc_custom_1486734660903{margin-bottom: 30px !important;}&#8221; el_id=&#8221;1751912146671-a8a7acbf-b4bb&#8221;][vc_column_text css=&#8221;.vc_custom_1751912512279{margin-top: 10px !important;margin-bottom: 25px !important;}&#8221;]</p>
<h1 class="wp-block-heading"><strong>Starosti nechte na nás</strong></h1>
<p>[/vc_column_text]	<ul class="list">
						<li>
											<i class="fas fa-chevron-circle-down"></i>
											<span>Nabízíme široký výběr pojištění vozidel, které Vám připravíme na míru dle vašich požadavků , aby jste od nás mohli odjet již pojištěným vozem</span>
				</li>
								<li>
											<i class="fas fa-chevron-circle-down"></i>
											<span>Rádi Vám připravíme kalkulaci pojištění od více pojišťoven, aby jste se mohli rozhodnout pro co nejlepší variantu </span>
				</li>
								<li>
											<i class="fas fa-chevron-circle-down"></i>
											<span>Naším hlavním partnerem pro pojištění je pojišťovna Allianz , ale spolupracujeme s dalšími více jak 20ti společnostmi , patří mezi ně např. Generali ,Uniqa, Koperativa, VZP pojišťovna, ČPP, ČSOB pojišťovna a mnoho dalších</span>
				</li>
					</ul>
	[vc_column_text css=&#8221;.vc_custom_1752256140388{margin-top: 10px !important;margin-bottom: 25px !important;}&#8221;]</p>
<!-- /wp:post-content -->
<p><!-- wp:paragraph -->Pojištění vozidla Vám pomůže sjednat u:</p>
<p style="text-align: left;">Mgr. Aleš Hemer<br />tel: 736 631 860</p>
<p>[/vc_column_text][vc_column_text css=&#8221;.vc_custom_1751912534300{margin-top: 10px !important;margin-bottom: 25px !important;}&#8221;]</p>
<h1 class="wp-block-heading"><strong>Povinné ručení</strong></h1>
<p><!-- wp:paragraph -->Váš čas je drahý, proto žijte. O vše ostatní se postaráme za vás. Umíme vám sestavit nejlepší kombinaci pojištění a k tomu vám přidáme asistenci na nejvyšší úrovni.</p>
<p><!-- /wp:paragraph -->

<!-- wp:paragraph -->Nabídka jednotlivých pojišťoven se u tohoto produktu v jeho základní podobě liší jen minimálně, výše pojistného se odvíjí od limitu krytí.[/vc_column_text]	<ul class="list">
						<li>
											<i class="fas fa-chevron-circle-down"></i>
											<span>Minimální zákonem stanoveny limit pojistné ochrany je 50 milionů Kč.</span>
				</li>
								<li>
											<i class="fas fa-chevron-circle-down"></i>
											<span>Vyšší limit si můžete nastavit například na 100 milionů Kč.</span>
				</li>
								<li>
											<i class="fas fa-chevron-circle-down"></i>
											<span>Nově se setkáte s limitem až 1 miliarda Kč.</span>
				</li>
					</ul>
	[/vc_column_inner][vc_column_inner width=&#8221;1/3&#8243; css=&#8221;.vc_custom_1486734668617{margin-bottom: 30px !important;}&#8221; el_id=&#8221;1751912146691-c3152138-9586&#8243;][vc_single_image image=&#8221;13097&#8243; img_size=&#8221;large&#8221; css=&#8221;&#8221;][/vc_column_inner][/vc_row_inner][/vc_column][/vc_row]</p><!-- /wp:paragraph --></div>

<p>[vc_row el_id=&#8221;1751912741487-e44b16b2-70fd&#8221;][vc_column el_id=&#8221;1751912741502-5370621f-1cd7&#8243;][vc_row_inner el_id=&#8221;1751912146663-a741a81d-6ec7&#8243;][vc_column_inner width=&#8221;2/3&#8243; css=&#8221;.vc_custom_1486734660903{margin-bottom: 30px !important;}&#8221; el_id=&#8221;1751912146671-a8a7acbf-b4bb&#8221;][vc_column_text css=&#8221;.vc_custom_1751912512279{margin-top: 10px !important;margin-bottom: 25px !important;}&#8221;] Starosti nechte na nás [/vc_column_text][vc_column_text css=&#8221;.vc_custom_1752256140388{margin-top: 10px !important;margin-bottom: 25px !important;}&#8221;] Pojištění vozidla Vám pomůže sjednat u: Mgr. Aleš Hemertel: 736 631 860 [/vc_column_text][vc_column_text css=&#8221;.vc_custom_1751912534300{margin-top: 10px !important;margin-bottom: 25px !important;}&#8221;] Povinné ručení Váš čas je drahý, proto žijte. O vše ostatní se postaráme [&hellip;]</p>
